)/4)/(76/(-114)). Let i = 21 - h. What is the units digit of 27/i*(-74)/3?
1
Let a(d) = 87*d - 8. Let r be a(10). Suppose 0 = -5*g + r + 593. Let p = g - 172. What is the units digit of p?
9
Suppose 5*c - 36 = 18*j - 16*j, -3*j = -2*c + 10. Suppose 0 = n + c*n - 5382. What is the units digit of n?
8
Suppose -12*f - 468 = -14*f. Let s = 397 - f. What is the units digit of s?
3
Suppose -4*f + 692 + 1632 = 3*o, 5*o = 5*f + 3815. What is the units digit of o?
8
Let n(c) = -347*c. Let h be (-38)/9 + (-3 - 87/(-27)). Let p be n(h). What is the hundreds digit of 1/(-2) - (-2 + p/(-8))?
1
Suppose 5*c - 13177 = -3*a, 21011 + 930 = 5*a - 2*c. Suppose -30*w = -a + 1299. What is the hundreds digit of w?
1
What is the thousands digit of -9897*(-11 - 32/(-3))?
3
Suppose 0 = -i + 4*y + 13877, -5*y + 16 = -9. What is the units digit of i?
7
Let g = -633 + 908. Let i = -5693 + 5998. Suppose -i = -5*f + 3*j, 0 = -5*f - j - 2*j + g. What is the tens digit of f?
5
What is the hundreds digit of (15352/(-8))/(9/(-27))?
7
Let d(j) = -j**3 + 11*j**2 + 19*j - 5. Let h = 21 + -21. Suppose h = -5*t - t + 72. What is the tens digit of d(t)?
7
Let n(t) = -t**2 + t - 1. Let c(k) = -32*k**2 - 12*k + 26. Let h(b) = -c(b) - 10*n(b). Let z be h(3). Suppose 7*a = -a + z. What is the units digit of a?
6
Let l = -42 - -47. Suppose l*y - 13*y = -56. Suppose -6*o = -y*o + 2. What is the units digit of o?
2
Suppose -14*t + 1271632 = 92*t - 1581358. What is the thousands digit of t?
6
Let p(g) = -139 + 6*g + 14*g - 8*g + 48. What is the tens digit of p(34)?
1
What is the hundreds digit of (-22)/((7 + -2)/(-730))?
2
Let c = 267 + -166. Suppose 8*m = -411 - c. Let v = m + 82. What is the tens digit of v?
1
What is the tens digit of 2099*(6/(-21) - 408/(-56)) - -1?
9
What is the tens digit of 9*(3415/15 - 2)?
3
Let r be 2*(-5 - (-15)/(-10)). Let i(b) = b + 23. Let c be i(r). Suppose c*l - 9*l = 5*g - 562, 5*l - 102 = -g. What is the hundreds digit of g?
1
Let o(j) = 57*j - 1151. What is the units digit of o(68)?
5
Let d be (-2)/(-14) + 1 + (-1524)/(-14). Let s(n) = -n**3 - 8*n**2 + n + 2. Let t be s(-7). Let k = t + d. What is the tens digit of k?
5
Let u = 39896 - 28488. What is the tens digit of u?
0
What is the thousands digit of 182525/5 - (324/(-9))/4?
6
Suppose -4*l - 3*c + 99307 = -24405, -2*c - 8 = 0. What is the hundreds digit of l?
9
Let n(f) = -693*f + 2863. What is the units digit of n(-38)?
7
Let i be 5*15/5*2/6. Suppose 0 = -3*a + 2*a + i*p - 11, a = 4*p - 10. What is the hundreds digit of 9/a*2044/(-21)?
1
Suppose 4*x = 2*x + 3*q + 169, 4*x - 3*q - 335 = 0. Let b = -613 - -909. Suppose -x*t - b = -87*t. What is the units digit of t?
4
Let a be ((-836)/18)/(-11) - (-4)/(-18). Suppose 4*m + 2*o = -3*o + 1157, 586 = 2*m + a*o. What is the tens digit of m?
8
Let g = -747 - -750. Suppose g*m - v = 246 + 1274, -2*m - 2*v = -1016. What is the tens digit of m?
0
Let j(y) = -503*y - 1144. What is the tens digit of j(-19)?
1
Let c = 19003 - 6530. What is the tens digit of c?
7
Suppose 338*r = 318*r + 33700. What is the units digit of r?
5
Let t be 14/(-5)*(-15 + -20). Suppose -r + t = 6*r. What is the tens digit of 1564/161 + -1 + 18/r?
1
Let v = -47 - -142. Suppose j = z - v, 0 = 4*j - 2*j. Let q = 111 - z. What is the units digit of q?
6
Let x(y) = y**2 + 4*y - 32. Let i be x(4). Suppose -22*p - 487 + 4073 = i. What is the units digit of p?
3
What is the tens digit of 151 - 154 - ((-67472)/24 + (-4)/6)?
0
Let k be 1/(18/(-99) + (-19)/(-44)). Suppose 3*w - 5*y - 1439 = -10*y, -k*y - 996 = -2*w. What is the tens digit of w?
8
Let r(y) = 711*y**2 + 2. Let a be r(-1). Suppose c = 3*f - 688, 5*f - 2*f + 4*c - a = 0. What is the units digit of f?
1
Let z(k) = 4*k - 13*k + 3*k + 12 + 5*k. Let s be z(6). What is the units digit of ((-128)/(-12) + 2)*s?
6
Let a(p) = -27913*p + 132 + 13959*p - p**3 + p**2 + 13957*p. Let u = 0 + 0. What is the units digit of a(u)?
2
Let f(m) = 168*m**2 - m - 35*m**2 - 1 + 2*m**3 - 132*m**2. Suppose 0*q = 5*q - 20. What is the tens digit of f(q)?
3
Let v be 18/30*(0 + -5). Let u be ((-30)/7)/(v/14). What is the units digit of 20*(-2 + 72/u)?
2
What is the units digit of ((-763)/(-14))/(6/(-7728)*-4)?
9
Let b(x) = 6*x**3 - 170*x**2 + 75*x - 123. What is the tens digit of b(30)?
2
Suppose 416 = 6*x + 398. What is the units digit of (1 - x)/(50/(-2625))?
5
Let d be ((-4)/6)/(6/(-27)). Suppose 4*q - 4 = -4*i, 5 = -d*i + 5*i - q. What is the tens digit of 30/(-2*(1 - i))?
1
Let w = -57 + 14. Let o = w - -42. What is the units digit of (-5 - o)/(-2*2/62)?
2
Suppose -522*z + 384*z = -2134860. What is the tens digit of z?
7
Let i(z) = z**3 - 29*z**2 + 23*z + 60. Let l be i(28). Let o = -149 - 9. Let j = l - o. What is the units digit of j?
8
Let m be 1/(1/(-680)*-2). Let b = -364 + 368. Suppose z = -b*z + m. What is the tens digit of z?
6
Suppose 35151 + 2775 = m + 2*g, m + 3*g - 37925 = 0. What is the thousands digit of m?
7
Let h be -2 + 21 + 3/(-1). Let i = h - 11. Suppose -18 = 4*p - i*p. What is the tens digit of p?
1
Let o(j) = 524*j**3 + 55*j**2 - 173*j - 6. What is the units digit of o(3)?
8
Suppose 29*m = 2*m + 132543. What is the tens digit of m?
0
Let p = 115 - 101. Suppose 6 + p = 4*m. Suppose -u = -4*u + 15, u - 1310 = -m*g. What is the tens digit of g?
6
Let i(m) = 83*m + 44. Let a(c) = -c**3 + 5*c**2 + 5*c - 4. Let v be a(6). Let u be i(v). What is the hundreds digit of (-2)/(-2) + u/(-6)?
1
Suppose 0 = -5*k - d + 11791, 0 = -3*k + 5*k - 3*d - 4696. What is the tens digit of k?
5
Let t = 125 - 123. Let m be (-3)/t*182/(-39). Suppose 219 = 10*x - m*x. What is the tens digit of x?
7
Let q(d) = 13*d - 285. Let i be q(22). Let v(r) = 880*r**2 + 12*r - 1. What is the tens digit of v(i)?
9
Suppose -4*t + 2*l + 8766 = -10130, 0 = 3*l + 18. What is the hundreds digit of t?
7
Let y = 46 + -48. Let o(r) = -168 + 337 - 168 - 90*r. What is the hundreds digit of o(y)?
1
Suppose 2*m + 31 = 131. Suppose -54*i - 1213 = -l - m*i, 3*i - 4909 = -4*l. What is the thousands digit of l?
1
Let m(z) = 7*z - 16. Let b be m(8). Suppose -2*o - 5*c - 412 = b, -4*c = -4*o - 848. Let y = o + 307. What is the units digit of y?
1
What is the units digit of (26770/4 + -4)*(6 + 16/(-6))?
5
Let l(f) = -686*f - 722. What is the ten thousands digit of l(-33)?
2
Let c(h) = -h**3 + 19*h**2 - 17*h - 12. Let x be c(18). Suppose -26 = -4*n + 5*m, -5*n = -x*m + m - 30. What is the units digit of 308/n + (0/(-1))/(-1)?
7
Let m be (-29 - 1)/(45/(-1380)). Let k = 1554 - m. What is the hundreds digit of k?
6
Let a = 74 - 99. What is the thousands digit of (-38780)/a - (-16)/20?
1
Suppose 0 = -3*u - 4*s - 18 - 40, 48 = -4*u + 2*s. What is the units digit of (-638)/(-11) - u/2?
5
Let b = 52 - -455. Let p = b + -203. What is the tens digit of p?
0
Let t(w) = 11*w + 114. Let o be t(-11). What is the units digit of (-2)/o + 8220/140?
9
Suppose -4*q - 3 = -19. Suppose 3 = -3*y + q*f + 21, 5*y + 2 = -4*f. Suppose -y*m - 5*d = -73 - 106, 149 = 2*m - 5*d. What is the tens digit of m?
8
Let h = -3712 - -16268. What is the ten thousands digit of h?
1
Let s(w) = -w**3 + 49*w**2 - 112*w + 877. What is the thousands digit of s(43)?
7
Suppose -4*v + 49 = -5*m, -4*v + 9 = 2*m - 5. Suppose -v = 2*b - 18. What is the tens digit of 87/4*(10 - b)?
8
Let k be ((-1 - 2) + 4)/(1 + 0). Let b(p) = 987*p**3 + p**2 - 2*p + 2. What is the units digit of b(k)?
8
Suppose -234 = 39*q - 45*q. Suppose q*v + 330 = 42*v. Let w = v - -188. What is the units digit of w?
8
Let g(c) = 27 - 224*c + 83*c + 35 + 105*c - 2*c**2 + c**2. What is the tens digit of g(-23)?
6
Let y(o) = 25*o - 19. Let s be 17/102 - (-34)/12. What is the units digit of y(s)?
6
Let r = -56 + 74. Suppose 2*x = -2*q + 6*x + r, -x + 3 = 0. What is the tens digit of (-3)/((q/(-130))/1)?
2
What is the tens digit of (((-9)/9)/(3 + -2))/((-1)/47971)?
7
Suppose -129*q = -93*q - 915480. What is the ten thousands digit of q?
2
Let h be 6/(-12)*8*6/(-8). Suppose -h*l + 8*l + 100 = 0. What is the tens digit of (-1312)/l + 3/(-5)?
6
Suppose -k = -3*a + 23444, -5*a + k + 10280 = -28798. What is the units digit of a?
7
Suppose -5*k + 18*t = 23*t - 36965, k - 7384 = -4*t. What is the tens digit of k?
9
Suppose -43*s + 134 = 5. Suppose 307 = s*k + v - 1891, 0 = 2*k + 5*v - 1